prime factors of 1406.
2, 19, 37
List the prime factors of 3911.
3911
List the prime factors of 1227.
3, 409
List the prime factors of 25780.
2, 5, 1289
List the prime factors of 14398.
2, 23, 313
List the prime factors of 1934.
2, 967
List the prime factors of 2473.
2473
List the prime factors of 641.
641
List the prime factors of 1296.
2, 3
What are the prime factors of 1316?
2, 7, 47
What are the prime factors of 779?
19, 41
List the prime factors of 1422.
2, 3, 79
List the prime factors of 3540.
2, 3, 5, 59
What are the prime factors of 504?
2, 3, 7
List the prime factors of 7853.
7853
What are the prime factors of 8385?
3, 5, 13, 43
What are the prime factors of 1064?
2, 7, 19
List the prime factors of 32654.
2, 29, 563
What are the prime factors of 3471?
3, 13, 89
What are the prime factors of 973?
7, 139
What are the prime factors of 1563?
3, 521
What are the prime factors of 1198?
2, 599
List the prime factors of 29324.
2, 7331
List the prime factors of 1709.
1709
List the prime factors of 144365.
5, 13, 2221
What are the prime factors of 581?
7, 83
List the prime factors of 2180.
2, 5, 109
List the prime factors of 408.
2, 3, 17
List the prime factors of 83.
83
List the prime factors of 43.
43
List the prime factors of 140894.
2, 13, 5419
What are the prime factors of 312?
2, 3, 13
What are the prime factors of 9172?
2, 2293
What are the prime factors of 91189?
7, 1861
What are the prime factors of 528?
2, 3, 11
What are the prime factors of 23395?
5, 4679
What are the prime factors of 5448?
2, 3, 227
What are the prime factors of 3503?
31, 113
List the prime factors of 15921.
3, 29, 61
What are the prime factors of 36034?
2, 43, 419
What are the prime factors of 1008?
2, 3, 7
List the prime factors of 10693.
17, 37
What are the prime factors of 1887?
3, 17, 37
What are the prime factors of 1678?
2, 839
What are the prime factors of 1143?
3, 127
List the prime factors of 55479.
3, 18493
List the prime factors of 37262.
2, 31, 601
What are the prime factors of 21070?
2, 5, 7, 43
What are the prime factors of 30202?
2, 15101
List the prime factors of 12282.
2, 3, 23, 89
What are the prime factors of 28295?
5, 5659
List the prime factors of 283.
283
What are the prime factors of 16428?
2, 3, 37
List the prime factors of 8538.
2, 3, 1423
What are the prime factors of 3196?
2, 17, 47
List the prime factors of 279.
3, 31
List the prime factors of 15651.
3, 37, 47
List the prime factors of 11501.
7, 31, 53
What are the prime factors of 35330?
2, 5, 3533
What are the prime factors of 15182?
2, 7591
What are the prime factors of 38274?
2, 3, 6379
What are the prime factors of 5759?
13, 443
What are the prime factors of 2366?
2, 7, 13
List the prime factors of 38779.
13, 19, 157
What are the prime factors of 150845?
5, 30169
List the prime factors of 6141.
3, 23, 89
List the prime factors of 1184.
2, 37
List the prime factors of 1461.
3, 487
List the prime factors of 13224.
2, 3, 19, 29
List the prime factors of 887.
887
List the prime factors of 881.
881
What are the prime factors of 81722?
2, 29, 1409
List the prime factors of 9504.
2, 3, 11
List the prime factors of 618.
2, 3, 103
List the prime factors of 3491.
3491
What are the prime factors of 1076?
2, 269
List the prime factors of 3922.
2, 37, 53
What are the prime factors of 798?
2, 3, 7, 19
What are the prime factors of 6781?
6781
What are the prime factors of 3641?
11, 331
What are the prime factors of 1465?
5, 293
What are the prime factors of 188?
2, 47
What are the prime factors of 694?
2, 347
List the prime factors of 567.
3, 7
What are the prime factors of 860?
2, 5, 43
List the prime factors of 6607.
6607
List the prime factors of 22129.
22129
What are the prime factors of 36291?
3, 12097
What are the prime factors of 4137?
3, 7, 197
What are the prime factors of 1573?
11, 13
List the prime factors of 69709.
69709
List the prime factors of 7920.
2, 3, 5, 11
What are the prime factors of 207?
3, 23
What are the prime factors of 25827?
3, 8609
List the prime factors of 4888.
2, 13, 47
List the prime factors of 4591.
4591
What are the prime factors of 1506?
2, 3, 251
What are the prime factors of 66901?
149, 449
What are the prime factors of 547?
547
What are the prime factors of 1811?
1811
List the prime factors of 11397.
3, 29, 131
What are the prime factors of 6177?
3, 29, 71
What are the prime factors of 3675?
3, 5, 7
What are the prime factors of 4372?
2, 1093
List the prime factors of 76011.
3, 13, 1949
What are the prime factors of 657?
3, 73
List the prime factors of 4311.
3, 479
What are the prime factors of 220?
2, 5, 11
What are the prime factors of 4561?
4561
List the prime factors of 13709.
13709
List the prime factors of 34497.
3, 3833
List the prime factors of 3433.
3433
List the prime factors of 5805.
3, 5, 43
List the prime factors of 676.
2, 13
List the prime factors of 14706.
2, 3, 19, 43
List the prime factors of 95150.
2, 5, 11, 173
List the prime factors of 2423.
2423
List the prime factors of 23384.
2, 37, 79
List the prime factors of 3012.
2, 3, 251
List the prime factors of 11737.
11, 97
What are the prime factors of 1730?
2, 5, 173
List the prime factors of 4980.
2, 3, 5, 83
List the prime factors of 7400.
2, 5, 37
List the prime factors of 2787.
3, 929
List the prime factors of 927.
3, 103
List the prime factors of 1081.
23, 47
List the prime factors of 83794.
2, 41897
List the prime factors of 4430.
2, 5, 443
What are the prime factors of 27568?
2, 1723
List the prime factors of 89.
89
What are the prime factors of 1438?
2, 719
What are the prime factors of 216?
2, 3
List the prime factors of 6981.
3, 13, 179
What are the prime factors of 877?
877
List the prime factors of 999.
3, 37
What are the prime factors of 2476?
2, 619
What are the prime factors of 34200?
2, 3, 5, 19
List the prime factors of 35033.
53, 661
What are the prime factors of 100?
2, 5
What are the prime factors of 1952?
2, 61
List the prime factors of 9858.
2, 3, 31, 53
What are the prime factors of 14892?
2, 3, 17, 73
List the prime factors of 25005.
3, 5, 1667
List the prime factors of 6180.
2, 3, 5, 103
List the prime factors of 299.
13, 23
List the prime factors of 17164.
2, 7, 613
List the prime factors of 10452.
2, 3, 13, 67
List the prime factors of 918.
2, 3, 17
List the prime factors of 2661.
3, 887
List the prime factors of 6330.
2, 3, 5, 211
What are the prime factors of 6208?
2, 97
What are the prime factors of 12208?
2, 7, 109
List the prime factors of 24699.
3, 8233
List the prime factors of 10508.
2, 37, 71
What are the prime factors of 1505?
5, 7, 43
List the prime factors of 3548.
2, 887
What are the prime factors of 8746?
2, 4373
List the prime factors of 569.
569
List the prime factors of 14328.
2, 3, 199
List the prime factors of 10107.
3, 1123
List the prime factors of 42238.
2, 7, 431
List the prime factors of 1631.
7, 233
What are the prime factors of 44104?
2, 37, 149
What are the prime factors of 7934?
2, 3967
List the prime factors of 28319.
28319
List the prime factors of 17557.
97, 181
What are the prime factors of 2342?
2, 1171
What are the prime factors of 99552?
2, 3, 17, 61
What are the prime factors of 2433?
3, 811
What are the prime factors of 1266?
2, 3, 211
What are the prime factors of 2459?
2459
What are the prime factors of 80160?
2, 3, 5, 167
List the prime factors of 173.
173
List the prime factors of 6664.
2, 7, 17
List the prime factors of 74.
2, 37
What are the prime factors of 5187?
3, 7, 13, 19
List the prime factors of 2002.
2, 7, 11, 13
List the prime factors of 752.
2, 47
What are the prime factors of 4249?
7, 607
List the prime factors of 27793.
27793
List the prime factors of 31079.
31079
What are the prime factors of 35?
5, 7
What are the prime factors of 2345?
5, 7, 67
List the prime factors of 4683.
3, 7, 223
List the prime factors of 886.
2, 443
What are the prime factors of 5973?
3, 11, 181
What are the prime factors of 10770?
2, 3, 5, 359
What are the prime factors of 412?
2, 103
What are the prime factors of 4708?
2, 11, 107
What are the prime factors of 6635?
5, 1327
What are the prime factors of 3479?
7, 71
What are the prime factors of 4061?
31, 131
What are the prime factors of 34190?
2, 5, 13, 263
What are the prime fa